 3*t. Suppose -4 = -5*z + 36. What is the greatest common factor of t and z?
8
Suppose 0 = 2*s + 4*x - 4, 3*s + s + 2 = -3*x. Let b be ((-220)/(-50))/(s/(-40)). What is the highest common divisor of b and 8?
8
Let q = -9 + 13. Let r = -8 + 10. What is the highest common divisor of r and q?
2
Let z be 0 - (0/(-2) + 4). Let m be z/(-3)*9/2. Suppose 0*u + 2*u + 4*l = 20, -5*l - 20 = -5*u. What is the highest common factor of u and m?
6
Suppose -3*y - 48 = -7*y - 2*c, -y + 5*c = -23. Suppose -2*n + 20 = 3*n. Suppose 0 = n*f - 4 - 48. What is the highest common divisor of y and f?
13
Let s be 6/(-15)*-5 - (-7 - 1). Calculate the highest common divisor of 10 and s.
10
Let b(j) = 5*j + 6. Let o be b(14). What is the highest common factor of o and 19?
19
Let y = -14 - -44. Let b = 50 - y. Suppose -x - 3 = -b. Calculate the highest common divisor of x and 17.
17
Let j(r) = r - r + 6*r - 2*r. Let z be j(2). What is the greatest common factor of z and 2?
2
Let r(n) = 7*n - 13. Let d be r(11). Calculate the highest common divisor of 96 and d.
32
Suppose -5*p = -5*n - 25 - 15, 4*n = -4*p + 40. Let s be 1*-1 + 38/2. What is the greatest common divisor of s and p?
9
Let q be 521/4 - (4/16 - 0). Calculate the greatest common factor of 10 and q.
10
Let v = 163 + -37. Suppose 0 = 2*a - 37 + 9. Calculate the greatest common divisor of v and a.
14
Suppose 5*i = 0, -b = -0*b + 2*i - 13. Calculate the highest common divisor of 52 and b.
13
Let o = 32 + -30. What is the greatest common divisor of 22 and o?
2
Let c(q) = -q**3 + 4*q**2. Let g be c(3). Calculate the greatest common factor of g and 9.
9
Let b be 144/28*(3 - 4/(-1)). Calculate the highest common divisor of b and 90.
18
Let l be 9/3 - 2 - 3. Let w be (l - (-2)/4)*26. Let r be ((-42)/(-3))/((-6)/w). Calculate the highest common factor of 13 and r.
13
Let r(f) = -f**3 + 12*f**2 - 19*f - 4. Let b be r(10). What is the greatest common factor of 9 and b?
3
Let b be 6/(-21) + 368/14. Let y = 74 - 9. Calculate the greatest common factor of y and b.
13
Suppose 0 = -4*w - 4 - 4. Let d(i) = -i + 2. Let j be d(w). What is the greatest common divisor of j and 4?
4
Let n be (6/8)/((-5)/(-40)). What is the highest common factor of 12 and n?
6
Let x(n) = 5*n. Let c be x(-1). Let u(q) = -q**2 - 7*q + 5. Let v be u(c). Let b be 19/3 + (-4)/3. What is the greatest common factor of b and v?
5
Suppose 0 = -p + 3*z + 4, -p - 5 = 4*z - 2. Let n be p/(-1*3/(-48)). What is the greatest common divisor of n and 176?
16
Suppose -4*c = -90 - 22. What is the greatest common factor of 14 and c?
14
Let d(c) = c**3 + 6*c**2 - c - 4. Let a be d(4). Let t(o) = o**3 + 14*o**2 - 18*o - 26. Let x be t(-15). What is the greatest common factor of x and a?
19
Suppose 5*j + 0*j - 165 = 0. Suppose 3*l = -4*n - 19, 0*l = -l + n - 18. Let m = l + j. What is the highest common divisor of m and 50?
10
Suppose 231 = -12*q + 15*q. Calculate the greatest common factor of 11 and q.
11
Let a = 76 + -18. What is the greatest common factor of a and 87?
29
Suppose 0*c = c - 28. What is the greatest common divisor of 42 and c?
14
Suppose 3*n - 8*n = -3*w + 45, w + 3*n - 15 = 0. Let k = -4 - -9. Calculate the greatest common divisor of w and k.
5
Let g = -3 + 6. Suppose 0 = -5*x - 5*s - 15, 2 = g*x - 4*s - 10. Suppose x = 3*u - 4*u + 153. Calculate the highest common factor of 17 and u.
17
Suppose -4*i = -2*i - 156. Calculate the highest common factor of i and 52.
26
Let g(t) = 29*t**2 - 2*t - 1. Let z be g(-1). Calculate the highest common divisor of 75 and z.
15
Suppose -5*p = 27 - 77. Suppose -2*u + 7*u - p = 0. Let h be (-3 + 2)/(-1) + u. Calculate the greatest common divisor of h and 27.
3
Suppose -140 - 20 = -5*t - n, -4*t + 128 = 3*n. Let f = t - 18. What is the highest common divisor of 28 and f?
14
Let n = 211 - 134. What is the highest common divisor of n and 7?
7
Let s be -1*3 + 21 + -7. Let h(l) = 5*l**2 + 8*l - 8. Let n be h(-5). What is the greatest common divisor of s and n?
11
Suppose 0 = 11*r - 3*r - 96. Calculate the highest common divisor of r and 30.
6
Suppose 304 = o + 3*o. Suppose 0*a + 2*a = -o. Let n = -25 - a. Calculate the greatest common factor of 13 and n.
13
Suppose -15*p + 462 = -378. Calculate the greatest common divisor of 21 and p.
7
Suppose 5*l = 3*i + 71 - 316, -2*i = -l - 49. Let n = l + 34. Let m be 5*((-63)/n)/3. What is the highest common factor of 63 and m?
7
Let p(q) = q**2 + 15. Let t be p(0). Let g = -4 + 12. Let u be -10*(-18)/g*6. What is the highest common factor of u and t?
15
Let f = 15 - 9. Suppose 2*r + 2*d = -2*r + 66, -3*d + 54 = 3*r. Calculate the greatest common divisor of r and f.
3
Let u be (-3)/(-2)*(-36)/(-27). Suppose -u*l + l = -20. What is the greatest common factor of 5 and l?
5
Suppose -t + 14 - 4 = 0. Suppose 5*y - 70 - t = 0. Calculate the highest common divisor of 16 and y.
16
Suppose -3*s + 0*s + 45 = 0. What is the greatest common factor of 35 and s?
5
Let c(l) = 6*l - 26. Let p be c(11). Let b be (-844)/(-14) - 4/14. Calculate the highest common divisor of p and b.
20
Suppose k - 8 - 2 = 0. What is the greatest common divisor of k and 10?
10
Suppose 0 = -3*o + 7 + 8. Suppose 0 = -4*r - 2*k - 2*k + 24, 21 = o*r - 4*k. Let y(v) = 9*v - 2. Let w be y(3). What is the greatest common divisor of w and r?
5
Suppose 37 = 4*d + x, -2*x + 2 = -0*x. What is the highest common factor of 45 and d?
9
Let y = 16 - 0. What is the greatest common factor of y and 24?
8
Let j(b) = 2*b**2 + 18*b + 22. Let w be j(-11). What is the highest common factor of 6 and w?
6
Let h be (-202)/(-10) + 1/(-5). Calculate the highest common factor of h and 8.
4
Suppose -5*t - u = -16, 3*t + 3*u = 6*t - 6. Suppose 0 = -3*d - t + 21. What is the highest common factor of d and 30?
6
Suppose -2*f = 1 - 5. Suppose -4 = -2*r + f. Suppose -2*q = -3*m - m + 50, 5*m = r*q + 60. Calculate the highest common divisor of 165 and m.
15
Let z(q) be the third derivative of 11*q**5/60 + q**4/24 - q**3/3 - 3*q**2. Let r be z(2). Calculate the highest common divisor of r and 11.
11
Suppose 5*y = -0*y + 35. What is the highest common factor of y and 21?
7
Suppose 0 = -5*r - 4*q + 2*q + 115, 0 = -2*r + q + 37. Calculate the greatest common divisor of r and 21.
21
Let l be (40/(-25))/(4/(-10)). Let x be l + -2 + -3 + 291. Suppose -5*j + 3*q + 2*q + x = 0, -5*j + 295 = -4*q. What is the greatest common factor of 9 and j?
9
Suppose 8*x = 26 + 22. Calculate the highest common factor of 24 and x.
6
Suppose 4*o - x + 6*x = -20, 3*o - 12 = 3*x. Let b be 0 - (0 + (o - 1)). What is the highest common divisor of b and 4?
1
Let h(p) = -p**2 - 10*p - 7. Let l be h(-9). Suppose -m + 108 = 5*s, -3*s = l*s - m - 112. Calculate the highest common factor of 22 and s.
22
Suppose 0 = 2*g - 32. Let r(q) = -3*q + 1. Let n be r(-5). Calculate the greatest common divisor of n and g.
16
Suppose 4*t - 5*h = 367, 2*h = 4*t - h - 377. Calculate the greatest common divisor of 28 and t.
14
Let x = 41 - 39. Calculate the greatest common factor of 10 and x.
2
Let b(o) = 15*o + 4. Let f be b(3). Let l = f + -32. What is the greatest common factor of 68 and l?
17
Let f be (-1)/((-6)/(-26))*-6. Let c be ((-6)/4)/(5/30). Let k be 64 + (-3)/(c/3). Calculate the highest common divisor of f and k.
13
Let f = 150 - 104. Let h = -26 + f. Let o(z) = -8*z - 6. Let u be o(-7). What is the greatest common factor of h and u?
10
Let o be (-5 - (-102)/10)*(13 - -2). What is the greatest common factor of o and 26?
26
Suppose -2*x + 0*x + 26 = 0. Calculate the greatest common factor of x and 26.
13
Suppose -m = 4*m - l - 181, 5*l = -5. What is the highest common divisor of 4 and m?
4
Let h(l) = 2*l**2 - 4*l + 2. Let v be h(3). What is the greatest common divisor of 32 and v?
8
Suppose -5*r - 30 + 5 = 0. Let m = 3 - r. Calculate the highest common factor of 2 and m.
2
Let o = 408 - 216. Calculate the highest common factor of 24 and o.
24
Suppose 3*w = -f - 18, -4*f - 1 = -2*w - 9*f. Let n = w - -4. Let r be -14*(-4)/(-6)*n. Calculate the greatest common divisor of 4 and r.
4
Suppose -4*i + 5*f = -6, -3*i + f + 6 = -i. Calculate the highest common factor of 4 and i.
4
Let b be (-7)/(-2) + (-9)/6. Let l be 1 + b + 28 - -2. Let a be (3/5)/((-6)/(-30)). Calculate the greatest common factor of a a